uppose -5*k + 15 = 0, 3*g - 18 = 2*k - k. Let q = 13 - g. Calculate the remainder when (-12)/9*q*-3 is divided by 5.
4
Suppose 0 = -5*r - 2*n - 92 + 336, 0 = 4*r - 4*n - 184. Calculate the remainder when 14/4*r/28 is divided by 2.
0
Let y = 29 + -30. What is the remainder when ((-3)/9)/(y/147) is divided by 17?
15
Suppose 4*n - 5*n = 6. Let s = 9 + n. Suppose -g - 6 = -11. What is the remainder when g is divided by s?
2
Suppose 430*u - 70 = 423*u. What is the remainder when ((-6)/(-2))/(1/13) is divided by u?
9
Suppose -3*i + 5*i = 22. Let c = 19 + -15. What is the remainder when i is divided by c?
3
Calculate the remainder when 7 is divided by 1 - 18/(-9) - -2.
2
Suppose -7*q + 3*q + 106 = 5*y, 2*q - 64 = -3*y. What is the remainder when 1055 is divided by y?
21
Suppose 10 = -14*c + 164. Calculate the remainder when c is divided by 9.
2
Let j = 80 - 60. Suppose z - 24 = -4*s, 4*s = -3*z + 40 + 48. What is the remainder when z is divided by j?
12
Suppose -3*l = f - 11, -8*f + 10*f + 3*l - 16 = 0. Calculate the remainder when (23/(-2))/(5/(-10)) is divided by f.
3
Let k(f) = -13*f + 118. Calculate the remainder when 24 is divided by k(8).
10
Let p = -29 + 199. Suppose -6*j = -p + 38. What is the remainder when 108 is divided by j?
20
Suppose 2*u = 3*u + 3*r - 73, u - 45 = 4*r. Suppose -6*x + 59 = -u. Calculate the remainder when 115 is divided by x.
15
Let s(p) = p**2 + 13*p - 12. What is the remainder when s(8) is divided by 41?
33
Let x = -48 + 51. Suppose 0 = -6*r + x*r + 45. What is the remainder when 43 is divided by r?
13
What is the remainder when 1*160/(7 + -3) is divided by 14?
12
Suppose 0 = 39*j - 58*j + 7106. Calculate the remainder when j is divided by 75.
74
Suppose 4*y - h = 5*y - 59, -2*y + 98 = -3*h. Calculate the remainder when y is divided by 27.
1
Suppose z - 21 = -4*p + 90, -9 = -3*z. Let c(i) = -6*i - 2. What is the remainder when p is divided by c(-2)?
7
Suppose -y + 4 = -z, 0 = 5*y - z + 3 - 15. What is the remainder when (-5)/25 - (392/(-5))/y is divided by 11?
6
Suppose 23*d = 67 + 278. What is the remainder when 16 is divided by d?
1
Suppose 20 + 25 = l. Let q = l - 41. What is the remainder when q is divided by ((-9)/(-12))/((-1)/(-4))?
1
Let g = 247 + -112. What is the remainder when g is divided by 8?
7
Suppose 4 = d + 15. Let u(w) = -w**3 - 9*w**2 + 16*w + 25. Calculate the remainder when u(d) is divided by 19.
15
Let n(w) = -3*w + 29. Calculate the remainder when 381 is divided by n(-16).
73
Let t be 98/(-8) - (-7)/28. Let n be ((-232)/t)/((-6)/9). Let m = n + 56. Calculate the remainder when 53 is divided by m.
26
Suppose -5*u = 2*d - 1236, 786 + 448 = 5*u + 3*d. Let f = -9 + 19. Calculate the remainder when u is divided by f.
8
Let z = -680 - -719. What is the remainder when z is divided by 28?
11
Let a(m) = -m**3 - 7*m**2 - 7*m - 1. Let i be a(-6). Suppose -4*t + 6007 = i*z, z = -6*t + t + 7514. Calculate the remainder when 36 is divided by t/117 + 4/26.
10
Let h = -653 + 714. Calculate the remainder when 256 is divided by h.
12
Suppose -285 = -15*z + 11*z - 5*y, z - 73 = -3*y. Calculate the remainder when z is divided by 20.
10
Let h(r) = -33*r + 387. Calculate the remainder when h(5) is divided by 57.
51
Let o(z) = 7*z + 119. Calculate the remainder when o(-16) is divided by 1.
0
Let m(b) = 2*b**2 - 2 + 5*b + 3 + 3 - 2. Calculate the remainder when 7 is divided by m(-3).
2
Suppose -17 = -v - 5. Suppose 9*r - v*r = -123. Suppose 2*q = -0*q - k + r, -4*q + 4*k = -64. What is the remainder when 35 is divided by q?
16
Let f(x) = 4*x + 20. Let d be f(-5). Suppose 5*r + 15 = d, -o - 2*r + 0 + 17 = 0. What is the remainder when 65 is divided by o?
19
Let l(o) = -2*o**3 - o**2 + o + 3. Let n = 213 - 73. Calculate the remainder when l(-2) is divided by (6/(-5))/((-21)/n).
5
Suppose 3*d = -18*d + 2100. What is the remainder when d is divided by 52?
48
Suppose 4*u + 2*x - 26 = 0, 5*u - 22 = -0*u + x. Suppose 3*s - 2*k - 3*k = 0, -u*k + 15 = 0. Calculate the remainder when 6 is divided by s.
1
Suppose 4476 = 67*t - 4368. What is the remainder when t is divided by 25?
7
Let u = -1878 + 1889. Calculate the remainder when 38 is divided by u.
5
Suppose 0 = -3*g - 55 + 52, -5*y + 4229 = g. Calculate the remainder when y is divided by 11.
10
Suppose -6480 = 125*o - 140*o. What is the remainder when o is divided by 20?
12
Suppose 3*x + p - 207 = 0, 9*x + 4*p - 352 = 4*x. Let y = 104 - x. What is the remainder when 69 is divided by y?
33
Let w = 2700 + -1813. Calculate the remainder when w is divided by 89.
86
Let s(v) = -v**3 - 31*v**2 - 31*v + 101. What is the remainder when 522 is divided by s(-30)?
129
Suppose 0*l = 3*l - 66. Let b(p) = -18*p + 5. Let t be b(-4). Let d = -36 + t. Calculate the remainder when d is divided by l.
19
Suppose u = 11 - 7. Suppose 3*f - u*s = 15 + 94, 2*s = f - 37. What is the remainder when f is divided by 13?
9
Let t = 8 + -6. Suppose 1 = 2*f - 33. Let c = f - 9. Calculate the remainder when c is divided by t.
0
Let c(l) = 31*l + 17. Let k be c(3). Let j = -94 + k. What is the remainder when j is divided by 5?
1
Let v(y) = y**2 + 9*y + 14. Let i be v(-6). What is the remainder when 44 is divided by i/30 + (11024/(-60))/(-13)?
2
Let p(s) = -197*s - 4. Let m be p(-1). Let a = m - 96. What is the remainder when a is divided by 33?
31
Let k = -205 - -202. Calculate the remainder when k/(3/(-4)) - (2 + -3) is divided by -6*(-2)/3 + 0.
1
Suppose 3*j + 7 = 10*j. What is the remainder when (5 - 0) + j + -4 + 4 is divided by 3?
0
Suppose -2 = -5*v + 4*v. Let d(z) = -z**3 + 3*z**2 - 3*z + 5. What is the remainder when 7 is divided by d(v)?
1
Suppose -5*i + 108 - 10 = c, -5*c + 2*i + 355 = 0. What is the remainder when 242 is divided by c?
23
Let v(x) = 155*x + 327. What is the remainder when 2/(-2) - 238*-1 is divided by v(-2)?
16
Let m be 12/21 + 915/(-21). Let k = m - -44. What is the remainder when 2 is divided by k?
0
Let f(g) = g**2 - g. Let o be f(1). Let d(q) = -q**2 - 2*q + 25. Let u be d(o). Let n = 33 - u. Calculate the remainder when 23 is divided by n.
7
Let b(j) = -j**2 + 6*j + 2. Let z(q) = -15*q**2 + 96*q + 33. Let x(l) = -33*b(l) + 2*z(l). What is the remainder when 87 is divided by x(-3)?
42
Suppose -4*f + 1477 - 1337 = 0. What is the remainder when 64 is divided by f?
29
Suppose 7*n + 3*n = 70. What is the remainder when 60 is divided by n?
4
Suppose 5*g - 10 = -2*a + 12, 5*a + 7 = 3*g. Suppose 102 + 206 = g*p. What is the remainder when p is divided by ((-6)/15)/(4/(-260))?
25
Suppose 16 - 2 = m. Suppose -2*l + 146 = 4*z, 2*l + 3*z = -2*z + 148. Calculate the remainder when l is divided by m.
13
Let q be 8/10 + (-84)/(-70) - -21. Suppose -80 = q*x - 27*x. Let a(p) = p**3 + p + 57. Calculate the remainder when a(0) is divided by x.
17
What is the remainder when 306 is divided by ((-33)/(-1) - -18)*3*1?
0
Calculate the remainder when 2443/15 + 2/15 is divided by 57.
49
Suppose 0 = -4*f - 0*f. Suppose f*a + 2*a - 6 = 0. Suppose -2*g - g - 85 = -5*l, 3*l - 51 = -2*g. What is the remainder when l is divided by a?
2
Suppose -h = 4*q + 20, 3*h + q + 76 - 5 = 0. Let r = h - -30. What is the remainder when 29 is divided by r?
5
Let w(x) = 26*x - x - 12 + 27 - 9. Let o = -26 - -41. Calculate the remainder when w(2) is divided by o.
11
Suppose k = 2 + 1, 3*c - 5*k + 93 = 0. Let g(a) = -a**2 + 3*a + 18. Let q be g(-7). Let z = c - q. What is the remainder when 51 is divided by z?
25
Suppose 5*i + 2*m - 161 = 0, -2*i + m = -43 - 16. Calculate the remainder when 306 is divided by i.
27
Suppose -a + 24 - 23 = 0. Suppose 5*t = s + 12, -2*s - 5*t + 50 + a = 0. What is the remainder when s is divided by 8?
5
Suppose q - 4*z - 25 = 0, -7*z = 5*q - 2*z - 75. What is the remainder when q is divided by (-45)/(-5) - -5 - 5?
8
Suppose -5 + 9 = a. Suppose -3*x + 3*b + 102 = 0, -3*x - 5*b = -a*x + 38. Calculate the remainder when 65 is divided by x.
32
What is the remainder when 132 is divided by 5/(-2)*(-702)/195?
6
Suppose 2*y + 120 = 2*o - 0*o, -4*o = -3*y - 241. Calculate the remainder when o is divided by ((-11)/22)/(((-3)/(-24))/(68/(-16))).
10
Suppose 4*b = -2*h + 106, 4*h - 82 = 4*b + 166. Calculate the remainder when 168 is divided by h.
50
Let z(y) = -4*y**3 - y**2 - 3*y - 2. Let s be z(-2). Suppo